t is the greatest common factor of 31 and 22853?
1
What is the greatest common divisor of 926072 and 3864?
1288
What is the greatest common factor of 426 and 50481?
213
What is the highest common factor of 531780 and 120?
60
What is the highest common divisor of 176 and 583?
11
Calculate the greatest common divisor of 2223 and 303563.
247
What is the greatest common factor of 3 and 2?
1
Calculate the highest common factor of 23405844 and 876.
876
Calculate the greatest common factor of 50974 and 4312.
154
What is the greatest common divisor of 1111 and 16379?
11
What is the highest common factor of 206831 and 107?
107
What is the highest common factor of 34944 and 714?
42
Calculate the greatest common divisor of 5 and 37655.
5
Calculate the greatest common factor of 418 and 3550910.
418
Calculate the highest common divisor of 11923 and 19.
1
What is the greatest common factor of 18 and 40707?
9
What is the highest common divisor of 138 and 1008?
6
Calculate the highest common divisor of 9307 and 2951.
227
What is the highest common divisor of 10419 and 63871?
23
Calculate the greatest common factor of 28994 and 365477.
763
What is the greatest common divisor of 315736 and 366?
122
Calculate the greatest common divisor of 630 and 1667190.
210
What is the highest common factor of 932 and 171954?
466
What is the highest common divisor of 15 and 6537?
3
Calculate the greatest common divisor of 2512 and 5687796.
628
Calculate the highest common divisor of 5415 and 960.
15
Calculate the greatest common factor of 10732 and 4.
4
What is the greatest common divisor of 12 and 90366?
6
Calculate the highest common factor of 562059 and 621.
27
What is the greatest common factor of 1325 and 25546?
53
What is the greatest common divisor of 8316 and 55?
11
What is the greatest common divisor of 40420 and 564?
188
Calculate the greatest common factor of 70 and 11530.
10
Calculate the highest common divisor of 144 and 2096.
16
What is the greatest common factor of 1518542 and 204?
34
Calculate the greatest common divisor of 1344 and 811200.
192
Calculate the highest common factor of 71401 and 33.
11
Calculate the greatest common factor of 408 and 4539.
51
Calculate the highest common divisor of 1752 and 100302.
438
Calculate the greatest common factor of 3456 and 108648.
216
Calculate the greatest common factor of 5715 and 56515.
635
Calculate the highest common factor of 40222 and 595.
119
What is the highest common divisor of 1 and 215731?
1
What is the highest common factor of 42867 and 297?
99
Calculate the greatest common factor of 90 and 504080.
10
What is the greatest common factor of 124 and 296236?
124
What is the greatest common factor of 615 and 800730?
615
What is the greatest common divisor of 2758850 and 230?
230
What is the greatest common factor of 48542 and 78?
26
What is the highest common divisor of 1332 and 3959?
37
Calculate the highest common divisor of 67 and 13400.
67
Calculate the greatest common factor of 959013 and 11.
11
Calculate the highest common divisor of 387 and 42.
3
Calculate the highest common factor of 243 and 900.
9
Calculate the greatest common divisor of 165 and 3245.
55
Calculate the greatest common divisor of 48785 and 451.
11
What is the greatest common divisor of 30015 and 87?
87
Calculate the greatest common factor of 1646730 and 40.
10
What is the greatest common factor of 264 and 22671?
33
Calculate the highest common factor of 13 and 24050.
13
What is the greatest common divisor of 24 and 129264?
24
Calculate the highest common divisor of 2272 and 162022.
142
Calculate the greatest common divisor of 18082 and 2.
2
Calculate the greatest common factor of 445 and 22410.
5
What is the greatest common factor of 37186 and 2?
2
What is the highest common factor of 674 and 218?
2
What is the highest common divisor of 1157058 and 84?
42
Calculate the greatest common divisor of 256008 and 48.
24
Calculate the greatest common divisor of 938764 and 111.
37
Calculate the greatest common factor of 85344 and 256.
32
Calculate the greatest common factor of 28 and 448126.
14
Calculate the highest common divisor of 2094 and 84.
6
What is the greatest common factor of 1188 and 4587462?
594
Calculate the greatest common divisor of 12 and 6.
6
What is the highest common factor of 21 and 34363?
7
Calculate the highest common factor of 1760 and 37620.
220
Calculate the highest common factor of 5769114 and 222.
222
What is the highest common factor of 18252 and 39?
39
What is the highest common divisor of 126624 and 132?
12
What is the highest common factor of 1120 and 7448?
56
What is the highest common divisor of 1323 and 7803?
27
What is the highest common factor of 34080 and 1680?
240
Calculate the highest common factor of 728761 and 1067.
1067
Calculate the greatest common divisor of 49900 and 30.
10
What is the greatest common divisor of 25686 and 396?
18
Calculate the greatest common factor of 87 and 278187.
3
What is the highest common divisor of 400 and 454640?
80
What is the highest common divisor of 3822245 and 245?
245
What is the greatest common factor of 1732380 and 780?
780
Calculate the greatest common factor of 336 and 2212.
28
Calculate the highest common factor of 62 and 31589.
31
What is the highest common divisor of 50372 and 112?
28
What is the highest common divisor of 56260 and 1746?
194
Calculate the greatest common factor of 378719 and 759.
11
What is the greatest common factor of 178 and 120951?
89
What is the greatest common divisor of 1105 and 1415?
5
Calculate the highest common divisor of 1310 and 24235.
655
What is the greatest common divisor of 114 and 53478?
6
Calculate the highest common factor of 964876 and 88.
44
What is the highest common factor of 2213488 and 32?
16
Calculate the highest common factor of 3813785 and 865.
865
Calculate the highest common factor of 147 and 80262.
147
Calculate the highest common factor of 2730 and 88530.
390
Calculate the greatest common divisor of 77 and 14371.
7
Calculate the highest common factor of 3713 and 3792.
79
Calculate the highest common factor of 18492 and 21804.
276
Calculate the highest common factor of 45806 and 185.
37
What is the greatest common divisor of 154070 and 1610?
70
Calculate the highest common divisor of 18 and 487962.
18
Calculate the highest common divisor of 56640 and 6.
6
Calculate the highest common factor of 428967 and 924.
231
Calculate the highest common factor of 9786862 and 38.
38
Calculate the highest common divisor of 91372 and 1293.
431
Calculate the highest common divisor of 45216 and 192.
96
Calculate the highest common factor of 77658 and 98.
14
Calculate the greatest common divisor of 90744 and 1653.
57
Calculate the highest common factor of 23760 and 550.
110
Calculate the greatest common factor of 166088 and 312.
104
What is the greatest common divisor of 179409 and 79?
79
What is the highest common factor of 950 and 2526050?
950
What is the highest common divisor of 160104 and 672?
168
What is the highest common divisor of 25843 and 1803?
601
What is the greatest common divisor of 285 and 1800?
15
Calculate the greatest common factor of 43369 and 62.
31
Calculate the greatest common factor of 124180 and 560.
140
What is the highest common factor of 15 and 50035?
5
Calculate the greatest common divisor of 2476 and 82.
2
What is the highest common divisor of 220304 and 14050?
562
Calculate the greatest common divisor of 667 and 1732199.
667
Calculate the greatest common factor of 864 and 223344.
432
Calculate the highest common factor of 32757 and 11651.
61
What is the highest common factor of 29049 and 2300?
23
What is the greatest common factor of 55269 and 63?
9
Calculate the greatest common divisor of 270666 and 990.
198
Calculate the highest common divisor of 4405320 and 15.
15
Calculate the highest common divisor of 794 and 335465.
397
Calculate the highest common divisor of 108745 and 15.
5
Calculate the greatest common divisor of 6816 and 7242.
426
Calculate the highest common factor of 15409 and 209.
19
What is the greatest common divisor of 189920 and 32?
32
What is the highest common factor of 91623 and 1?
1
Calculate the greatest common factor of 161 and 49.
7
Calculate the greatest common divisor of 99